{"id":8,"date":"2009-03-21T14:34:51","date_gmt":"2009-03-21T13:34:51","guid":{"rendered":"http:\/\/www.ra-grotha.de\/wordpress\/?page_id=8"},"modified":"2025-02-06T09:50:16","modified_gmt":"2025-02-06T08:50:16","slug":"impressum","status":"publish","type":"page","link":"https:\/\/www.ra-grotha.de\/wordpress\/kontakt\/impressum\/","title":{"rendered":"Impressum"},"content":{"rendered":"\n<ul class=\"wp-block-list\">\n<li><strong>Anbieter<br><\/strong>Alexander Grotha, Rechtsanwalt<br>Friedrichsstra\u00dfe 18<br>34117 Kassel <\/li>\n\n\n\n<li>Tel. (0561) 76 68 5001<br>Fax (0561) 76 68 5002 <p>rechtsanwalt[AT]ra-grotha.de<\/p><\/li>\n<\/ul>\n\n\n\n<ul class=\"wp-block-list\">\n<li><strong>Verantwortlich<br><\/strong>Inhaltlich verantwortlich gem\u00e4\u00df \u00a7 55 Abs. 2 RStV: Alexander Grotha, Rechtsanwalt<br>Die Anschrift ist gleichlautend mit der Kanzleianschrift.<\/li>\n<\/ul>\n\n\n\n<ul class=\"wp-block-list\">\n<li><strong>Berufsspezifische Pflichtangaben gem\u00e4\u00df Telemediengesetz<br><\/strong>Der Rechtsanwalt Alexander Grotha ist in Deutschland zugelassen.<br>Berufsbezeichnung: Rechtsanwalt (verliehen in der Bundesrepublik Deutschland)<\/li>\n<\/ul>\n\n\n\n<ul class=\"wp-block-list\">\n<li><strong>Zust\u00e4ndige Rechtsanwaltskammer<\/strong>&nbsp;(als berufsrechtliche Aufsicht)<br>Rechtsanwaltskammer Kassel, Karth\u00e4userstrasse 5a, 34117 Kassel, Tel.(0561) 120 21<\/li>\n<\/ul>\n\n\n\n<ul class=\"wp-block-list\">\n<li><strong>Gesetzliche Berufsbezeichnung<\/strong>&nbsp;lautet:<br>Rechtsanwalt in der Bundesrepublik Deutschland.<br>Alexander Grotha &#8211; Fachanwalt f\u00fcr Sozialrecht.Die berufsrechtlichen Regelungen sind die Bundesrechtsanwaltsordnung (BRAO), die Berufsordnung, die Fachanwaltsordnung (FAO) und das Rechtsanwaltsverg\u00fctungsgesetz (RVG); im Bereich des internationalen Rechtsverkehrs die Standesregeln der Rechtsanw\u00e4lte in der europ\u00e4ischen Gemeinschaft (CCBE). Den Inhalt der vorgenannten Normen finden Sie unter <a href=\"http:\/\/www.brak.de\" target=\"_blank\" rel=\"noopener\">www.brak.de<\/a>.<\/li>\n<\/ul>\n\n\n\n<ul class=\"wp-block-list\">\n<li><strong>Finanzamt<br><\/strong>Finanzamt Kassel I, Am Altmarkt 1, 34125 Kassel<br>Umsatzsteueridentifikationsnummer: DE 814955950,&nbsp;Steuernummer 2582264201<\/li>\n<\/ul>\n\n\n\n<ul class=\"wp-block-list\">\n<li><strong>Haftpflichtversicherung<\/strong><br>Rechtsanw\u00e4ltinnen und Rechtsanw\u00e4lte sind aufgrund der Bundesrechtsanwaltsordnung verpflichtet, eine Berufshaftpflichtversicherung mit einer Mindestversicherungssumme von 250.000 EUR zu unterhalten. Die Einzelheiten ergeben sich aus \u00a7 51 BRAO.Daten zur Haftpflichtversicherung<br>HDI-Gerling<br>Firmen und Privat Versicherung AG<br>Riethorst 2<br>30659 Hannover<br>Versicherungsscheinnummer: NxF70-006598066\/504R\u00e4umlicher Geltungsbereich der Haftpflichtversicherung:<br>1) Deutschland<br>2) Europ\u00e4isches AuslandVersichert sind Haftpflichtanspr\u00fcche aus T\u00e4tigkeiten<br>-1 im Zusammenhang mit der Beratung und Besch\u00e4ftigung mit europ\u00e4ischem Recht;<br>-2&nbsp; des Rechtsanwalts vor europ\u00e4ischen Gerichten.<br>3) Weltweit in H\u00f6he der gesetzlich vorgeschriebenen Mindestversiche\u00adrungs\u00adsumme f\u00fcr Haft\u00adpflichtanspr\u00fcche aus der Inanspruchnahme des Versiche\u00adrungsneh\u00admers vor au\u00dfereurop\u00e4ischen Gerichten.<br>4) Der Versicherungsschutz bezieht sich nicht auf Haftpflichtanspr\u00fcche aus T\u00e4tigkeiten \u00fcber im Ausland eingerichtete oder unterhaltene Kanzleien oder B\u00fcros.<\/li>\n<\/ul>\n\n\n\n<ul class=\"wp-block-list\">\n<li><strong>Kommunikation via E-Mail\/Kontaktformular<\/strong><br>Kommunikation via E-Mail bzw. Kontaktformular kann Sicherheitsl\u00fccken aufweisen. Beispielsweise k\u00f6nnen E-Mails auf ihrem Weg an unsere Kanzlei von anderen versierten Internetnutzern aufgehalten und eingesehen werden. Senden Sie daher keine vertraulichen Informationen per E-Mail. Sollten wir eine E-Mail von Ihnen erhalten, so gehen wir davon aus, dass wir zu einer Beantwortung per E-Mail berechtigt sind. Ansonsten m\u00fcssen Sie ausdr\u00fccklich eine andere Art der Kommunikation w\u00fcnschen.<\/li>\n<\/ul>\n\n\n\n<ul class=\"wp-block-list\">\n<li><strong>Hinweis<br><\/strong>Die Rechtsanwaltskanzlei Grotha \u00fcbernimmt keine Haftung f\u00fcr Vollst\u00e4ndigkeit, Richtigkeit und Aktualit\u00e4t der auf dieser Website enthaltenen Inhalte. Trotz sorgf\u00e4ltiger inhaltlicher Kontrolle \u00fcbernehmen wir keine Haftung f\u00fcr die Inhalte externer Links. Die Inhalte von externen Links und Verweisen auf externe Webseiten k\u00f6nnen nicht st\u00e4ndig \u00fcberpr\u00fcft werden. Links zu Seiten mit illegalen oder rechtswidrigen Inhalten werden von uns nicht gesetzt und bei Kenntnis sofort entfernt. Hinweis gem\u00e4\u00df \u00a7 33 BDSG: Personen- und mandatsbezogene Daten werden elektronisch gespeichert. Durch die Zusendung einer E-Mail kommt kein Mandatsverh\u00e4ltnis zustande.<\/li>\n<\/ul>\n\n\n\n<ul class=\"wp-block-list\">\n<li>Portrait-Fotos und Kanzlei-Fotos von Sonja Rode, <a href=\"http:\/\/www.lichtfang.net\" target=\"_blank\" rel=\"noreferrer noopener\">www.lichtfang.net<\/a><\/li>\n<\/ul>\n\n\n\n<ul class=\"wp-block-list\">\n<li><strong>Bildnachweis<\/strong><br>Agentur \/ Autor #Bildname<br>Adobe Stock \/ (c)&nbsp; animaflora #180133516, #144064009<br>Adobe Stock \/ (c)&nbsp; Aintschie #44843409<br>Adobe Stock \/ (c)&nbsp; nmann77 #171358211<br>Adobe Stock \/ (c)&nbsp; bluedesign #56321152, #59650133<br>Adobe Stock \/ (c)&nbsp; Trueffelpix #161550061, #61210456, #170821467, #119325294<br>Adobe Stock \/ (c)&nbsp; beeboys #100176253, #88515208<br>Adobe Stock \/ (c)&nbsp; ViennaFrame #127399816<br>Adobe Stock \/ (c)&nbsp; VRD #132318020<br>Adobe Stock \/ (c)&nbsp; Blackosaka #35943335<br>Adobe Stock \/ (c)&nbsp; goldencow_images #189521257<br>Adobe Stock \/ (c)&nbsp; Gajus #70693697, #78660417<br>Adobe Stock \/ (c)&nbsp; Hatiroyani #96988029<br>Adobe Stock \/ (c)&nbsp; kamasigns #112969959<br>Adobe Stock \/ (c)&nbsp; CrazyCloud #133583626<br>Adobe Stock \/ (c)&nbsp; XtravaganT #30578392<br>Adobe Stock \/ (c)&nbsp; mapoli-photo #16370733<br>Adobe Stock \/ (c)&nbsp; JrCasas #106196381<br>Adobe Stock \/ (c)&nbsp; magele-picture #99826822<br>Adobe Stock \/ (c)&nbsp; cardephotography #67884024<br>Adobe Stock \/ (c)&nbsp; pusteflower9024 #181170586<br>Adobe Stock \/ (c)&nbsp; andyller #125039360<br>Adobe Stock \/ (c)&nbsp; HNFoto #188063915<br>Adobe Stock \/ (c)&nbsp; photographie&amp;alltag #76915951<\/li>\n<\/ul>\n","protected":false},"excerpt":{"rendered":"","protected":false},"author":2,"featured_media":0,"parent":1416,"menu_order":4,"comment_status":"closed","ping_status":"closed","template":"","meta":{"footnotes":""},"class_list":["post-8","page","type-page","status-publish","hentry"],"_links":{"self":[{"href":"https:\/\/www.ra-grotha.de\/wordpress\/wp-json\/wp\/v2\/pages\/8","targetHints":{"allow":["GET"]}}],"collection":[{"href":"https:\/\/www.ra-grotha.de\/wordpress\/wp-json\/wp\/v2\/pages"}],"about":[{"href":"https:\/\/www.ra-grotha.de\/wordpress\/wp-json\/wp\/v2\/types\/page"}],"author":[{"embeddable":true,"href":"https:\/\/www.ra-grotha.de\/wordpress\/wp-json\/wp\/v2\/users\/2"}],"replies":[{"embeddable":true,"href":"https:\/\/www.ra-grotha.de\/wordpress\/wp-json\/wp\/v2\/comments?post=8"}],"version-history":[{"count":72,"href":"https:\/\/www.ra-grotha.de\/wordpress\/wp-json\/wp\/v2\/pages\/8\/revisions"}],"predecessor-version":[{"id":3470,"href":"https:\/\/www.ra-grotha.de\/wordpress\/wp-json\/wp\/v2\/pages\/8\/revisions\/3470"}],"up":[{"embeddable":true,"href":"https:\/\/www.ra-grotha.de\/wordpress\/wp-json\/wp\/v2\/pages\/1416"}],"wp:attachment":[{"href":"https:\/\/www.ra-grotha.de\/wordpress\/wp-json\/wp\/v2\/media?parent=8"}],"curies":[{"name":"wp","href":"https:\/\/api.w.org\/{rel}","templated":true}]}}