{"id":2895,"date":"2023-11-10T16:48:58","date_gmt":"2023-11-10T15:48:58","guid":{"rendered":"https:\/\/www.ra-grotha.de\/wordpress\/?page_id=2895"},"modified":"2025-05-12T16:44:09","modified_gmt":"2025-05-12T15:44:09","slug":"videos","status":"publish","type":"page","link":"https:\/\/www.ra-grotha.de\/wordpress\/videos\/","title":{"rendered":"Videos"},"content":{"rendered":"\n<figure class=\"wp-block-image aligncenter size-large is-resized\"><a href=\"https:\/\/www.ra-grotha.de\/wp-content\/uploads\/2024\/02\/O2A1066-min-scaled.jpg\"><img loading=\"lazy\" decoding=\"async\" width=\"1024\" height=\"683\" src=\"https:\/\/www.ra-grotha.de\/wp-content\/uploads\/2024\/02\/O2A1066-min-1024x683.jpg\" alt=\"\" class=\"wp-image-3018\" style=\"width:676px;height:auto\" srcset=\"https:\/\/www.ra-grotha.de\/wp-content\/uploads\/2024\/02\/O2A1066-min-1024x683.jpg 1024w, https:\/\/www.ra-grotha.de\/wp-content\/uploads\/2024\/02\/O2A1066-min-300x200.jpg 300w, https:\/\/www.ra-grotha.de\/wp-content\/uploads\/2024\/02\/O2A1066-min-768x512.jpg 768w, https:\/\/www.ra-grotha.de\/wp-content\/uploads\/2024\/02\/O2A1066-min-1536x1024.jpg 1536w, https:\/\/www.ra-grotha.de\/wp-content\/uploads\/2024\/02\/O2A1066-min-2048x1365.jpg 2048w\" sizes=\"auto, (max-width: 1024px) 100vw, 1024px\" \/><\/a><\/figure>\n\n\n\n<p>Auf dieser Seite finden Sie eine \u00dcbersicht der Videos meines Youtube-Kanals <a rel=\"noreferrer noopener\" href=\"https:\/\/www.youtube.com\/channel\/UCvshKKPwmeg8cxpR6FcIwCw\" data-type=\"URL\" data-id=\"https:\/\/www.youtube.com\/channel\/UCvshKKPwmeg8cxpR6FcIwCw\" target=\"_blank\">SozialRechtAnwaltGrotha<\/a>. <\/p>\n\n\n<figure class=\"wp-block-image aligncenter size-large is-resized\"><a href=\"https:\/\/www.youtube.com\/channel\/UCvshKKPwmeg8cxpR6FcIwCw\" target=\"_blank\" rel=\"noopener\"><img loading=\"lazy\" decoding=\"async\" width=\"896\" height=\"1024\" class=\"wp-image-2911\" style=\"width: 100px; height: 114px;\" src=\"https:\/\/www.ra-grotha.de\/wp-content\/uploads\/2023\/11\/AdobeStock_423002483-1-896x1024.jpeg\" alt=\"\" srcset=\"https:\/\/www.ra-grotha.de\/wp-content\/uploads\/2023\/11\/AdobeStock_423002483-1-896x1024.jpeg 896w, https:\/\/www.ra-grotha.de\/wp-content\/uploads\/2023\/11\/AdobeStock_423002483-1-263x300.jpeg 263w, https:\/\/www.ra-grotha.de\/wp-content\/uploads\/2023\/11\/AdobeStock_423002483-1-768x878.jpeg 768w, https:\/\/www.ra-grotha.de\/wp-content\/uploads\/2023\/11\/AdobeStock_423002483-1-1344x1536.jpeg 1344w, https:\/\/www.ra-grotha.de\/wp-content\/uploads\/2023\/11\/AdobeStock_423002483-1-1792x2048.jpeg 1792w\" sizes=\"auto, (max-width: 896px) 100vw, 896px\" \/><\/a><\/figure>\n\n\n<p>Vielleicht ist ja auch f\u00fcr Sie etwas Interessantes dabei. Ich w\u00fcrde mich jedenfalls sehr freuen, wenn Sie den Kanal abonnieren und Ihnen die Videos gefallen.<\/p>\n\n\n\n<p><\/p>\n\n\n\n<div class=\"wp-block-media-text alignwide is-stacked-on-mobile\" style=\"grid-template-columns:16% auto\"><figure class=\"wp-block-media-text__media\"><a href=\"https:\/\/youtu.be\/D_lK-1kZivk\" target=\"_blank\" rel=\"https:\/\/youtu.be\/D_lK-1kZivk noopener\"><img loading=\"lazy\" decoding=\"async\" width=\"320\" height=\"180\" src=\"https:\/\/www.ra-grotha.de\/wp-content\/uploads\/2023\/11\/mq2.webp\" alt=\"\" class=\"wp-image-2896 size-full\" srcset=\"https:\/\/www.ra-grotha.de\/wp-content\/uploads\/2023\/11\/mq2.webp 320w, https:\/\/www.ra-grotha.de\/wp-content\/uploads\/2023\/11\/mq2-300x169.webp 300w\" sizes=\"auto, (max-width: 320px) 100vw, 320px\" \/><\/a><\/figure><div class=\"wp-block-media-text__content\">\n<p>21.10.2023: Kanzlei f\u00fcr Sozialrecht TV !?? \ud83d\ude42  Der Blog der Kanzlei f\u00fcr Sozialrecht jetzt auch als Video ? Welche Ideen haben Sie dazu ? Welche Themen interessieren Sie ? Ich freue mich auf Ihre Anregungen, Ideen und R\u00fcckmeldungen.<\/p>\n<\/div><\/div>\n\n\n\n<div class=\"wp-block-media-text alignwide is-stacked-on-mobile\" style=\"grid-template-columns:16% auto\"><figure class=\"wp-block-media-text__media\"><a href=\"https:\/\/youtu.be\/q6A3mzkkPek\" target=\"_blank\" rel=\"noreferrer noopener\"><img loading=\"lazy\" decoding=\"async\" width=\"320\" height=\"180\" src=\"https:\/\/www.ra-grotha.de\/wp-content\/uploads\/2023\/11\/mq3.webp\" alt=\"\" class=\"wp-image-2902 size-full\" srcset=\"https:\/\/www.ra-grotha.de\/wp-content\/uploads\/2023\/11\/mq3.webp 320w, https:\/\/www.ra-grotha.de\/wp-content\/uploads\/2023\/11\/mq3-300x169.webp 300w\" sizes=\"auto, (max-width: 320px) 100vw, 320px\" \/><\/a><\/figure><div class=\"wp-block-media-text__content\">\n<p>03.11.2023: Worum geht&#8217;s hier eigentlich? Herzlich Willkommen bei der Kanzlei f\u00fcr Sozialrecht!<\/p>\n<\/div><\/div>\n\n\n\n<div class=\"wp-block-media-text alignwide is-stacked-on-mobile\" style=\"grid-template-columns:16% auto\"><figure class=\"wp-block-media-text__media\"><a href=\"https:\/\/youtu.be\/dv74XCwYsOQ\" target=\"_blank\" rel=\"noreferrer noopener\"><img loading=\"lazy\" decoding=\"async\" width=\"320\" height=\"180\" src=\"https:\/\/www.ra-grotha.de\/wp-content\/uploads\/2023\/11\/mq2-1.webp\" alt=\"\" class=\"wp-image-2903 size-full\" srcset=\"https:\/\/www.ra-grotha.de\/wp-content\/uploads\/2023\/11\/mq2-1.webp 320w, https:\/\/www.ra-grotha.de\/wp-content\/uploads\/2023\/11\/mq2-1-300x169.webp 300w\" sizes=\"auto, (max-width: 320px) 100vw, 320px\" \/><\/a><\/figure><div class=\"wp-block-media-text__content\">\n<p>10.11.2023: Wie wird man eigentlich Anwalt ? Und wie lief das bei mir ? Wie sieht der Weg zum Anwaltsberuf aus ? Welche Ausbildung ben\u00f6tigt man, wie lange dauert das ? Und wie lief das bei mir ? Ein bisschen was Pers\u00f6nliches \ud83d\ude42<\/p>\n<\/div><\/div>\n\n\n\n<div class=\"wp-block-media-text alignwide is-stacked-on-mobile\" style=\"grid-template-columns:16% auto\"><figure class=\"wp-block-media-text__media\"><a href=\"https:\/\/youtu.be\/2TWZzDvmxUw\" target=\"_blank\" rel=\"noreferrer noopener\"><img loading=\"lazy\" decoding=\"async\" width=\"1000\" height=\"522\" src=\"https:\/\/www.ra-grotha.de\/wp-content\/uploads\/2023\/11\/Videoverhandlung-1.jpg\" alt=\"\" class=\"wp-image-2916 size-full\" srcset=\"https:\/\/www.ra-grotha.de\/wp-content\/uploads\/2023\/11\/Videoverhandlung-1.jpg 1000w, https:\/\/www.ra-grotha.de\/wp-content\/uploads\/2023\/11\/Videoverhandlung-1-300x157.jpg 300w, https:\/\/www.ra-grotha.de\/wp-content\/uploads\/2023\/11\/Videoverhandlung-1-768x401.jpg 768w\" sizes=\"auto, (max-width: 1000px) 100vw, 1000px\" \/><\/a><\/figure><div class=\"wp-block-media-text__content\">\n<p>13.11.2023 Gerichtstermin vom Schreibtisch aus? Das geht! Die Video-Verhandlung beim Sozialgericht.<\/p>\n<\/div><\/div>\n\n\n\n<div class=\"wp-block-media-text alignwide is-stacked-on-mobile\" style=\"grid-template-columns:16% auto\"><figure class=\"wp-block-media-text__media\"><a href=\"https:\/\/youtu.be\/bOTQ7AwkMx8\" target=\"_blank\" rel=\"noreferrer noopener\"><img loading=\"lazy\" decoding=\"async\" width=\"320\" height=\"180\" src=\"https:\/\/www.ra-grotha.de\/wp-content\/uploads\/2023\/11\/mqdefault.jpg\" alt=\"\" class=\"wp-image-2921 size-full\" srcset=\"https:\/\/www.ra-grotha.de\/wp-content\/uploads\/2023\/11\/mqdefault.jpg 320w, https:\/\/www.ra-grotha.de\/wp-content\/uploads\/2023\/11\/mqdefault-300x169.jpg 300w\" sizes=\"auto, (max-width: 320px) 100vw, 320px\" \/><\/a><\/figure><div class=\"wp-block-media-text__content\">\n<p>14.11.2023: Fazit des Tages : Terminsgutachten sind K\u00e4se! #wenneinereinereisetut #SozialgerichtLueneburg #Terminsgutachten. Genie\u00dfen Sie Ihren Ihren Feierabend in vollen Z\u00fcgen &#8211; Deutsche Bahn<\/p>\n<\/div><\/div>\n\n\n\n<div class=\"wp-block-media-text alignwide is-stacked-on-mobile is-vertically-aligned-top\" style=\"grid-template-columns:16% auto\"><figure class=\"wp-block-media-text__media\"><a href=\"https:\/\/www.youtube.com\/watch?v=5fQoaIDIAC0\" target=\"_blank\" rel=\"noreferrer noopener\"><img loading=\"lazy\" decoding=\"async\" width=\"1024\" height=\"576\" src=\"https:\/\/www.ra-grotha.de\/wp-content\/uploads\/2023\/11\/Was-ist-Sozialrecht-Cover-2-1024x576.jpg\" alt=\"\" class=\"wp-image-2930 size-full\" srcset=\"https:\/\/www.ra-grotha.de\/wp-content\/uploads\/2023\/11\/Was-ist-Sozialrecht-Cover-2-1024x576.jpg 1024w, https:\/\/www.ra-grotha.de\/wp-content\/uploads\/2023\/11\/Was-ist-Sozialrecht-Cover-2-300x169.jpg 300w, https:\/\/www.ra-grotha.de\/wp-content\/uploads\/2023\/11\/Was-ist-Sozialrecht-Cover-2-768x432.jpg 768w, https:\/\/www.ra-grotha.de\/wp-content\/uploads\/2023\/11\/Was-ist-Sozialrecht-Cover-2-1536x864.jpg 1536w, https:\/\/www.ra-grotha.de\/wp-content\/uploads\/2023\/11\/Was-ist-Sozialrecht-Cover-2.jpg 1920w\" sizes=\"auto, (max-width: 1024px) 100vw, 1024px\" \/><\/a><\/figure><div class=\"wp-block-media-text__content\">\n<p>25.11.2023: Was ist eigentlich Sozialrecht? Um was geht es da? Mit welchen Themen besch\u00e4ftige ich mich als Fachanwalt f\u00fcr Sozialrecht und mit welchen nicht? Antwort gibt es hier im Video&#8230;<\/p>\n<\/div><\/div>\n\n\n\n<div class=\"wp-block-media-text alignwide is-stacked-on-mobile\" style=\"grid-template-columns:16% auto\"><figure class=\"wp-block-media-text__media\"><a href=\"https:\/\/youtu.be\/QTAYXS8dQfk\" target=\"_blank\" rel=\"noreferrer noopener\"><img loading=\"lazy\" decoding=\"async\" width=\"1024\" height=\"576\" src=\"https:\/\/www.ra-grotha.de\/wp-content\/uploads\/2023\/11\/Warum-Sozialrecht-Cover-1-1024x576.jpg\" alt=\"\" class=\"wp-image-2949 size-full\" srcset=\"https:\/\/www.ra-grotha.de\/wp-content\/uploads\/2023\/11\/Warum-Sozialrecht-Cover-1-1024x576.jpg 1024w, https:\/\/www.ra-grotha.de\/wp-content\/uploads\/2023\/11\/Warum-Sozialrecht-Cover-1-300x169.jpg 300w, https:\/\/www.ra-grotha.de\/wp-content\/uploads\/2023\/11\/Warum-Sozialrecht-Cover-1-768x432.jpg 768w, https:\/\/www.ra-grotha.de\/wp-content\/uploads\/2023\/11\/Warum-Sozialrecht-Cover-1-1536x864.jpg 1536w, https:\/\/www.ra-grotha.de\/wp-content\/uploads\/2023\/11\/Warum-Sozialrecht-Cover-1.jpg 1920w\" sizes=\"auto, (max-width: 1024px) 100vw, 1024px\" \/><\/a><\/figure><div class=\"wp-block-media-text__content\">\n<p>27.11.2023: Warum bin ich als Anwalt ausgerechnet im Sozialrecht t\u00e4tig?<\/p>\n<\/div><\/div>\n\n\n\n<div class=\"wp-block-media-text alignwide is-stacked-on-mobile\" style=\"grid-template-columns:17% auto\"><figure class=\"wp-block-media-text__media\"><a href=\"https:\/\/youtu.be\/AEnLaIE8REU\" target=\"_blank\" rel=\"noreferrer noopener\"><img loading=\"lazy\" decoding=\"async\" width=\"1024\" height=\"576\" src=\"https:\/\/www.ra-grotha.de\/wp-content\/uploads\/2023\/12\/Job-kuendigen-Cover-1024x576.jpg\" alt=\"\" class=\"wp-image-2959 size-full\" srcset=\"https:\/\/www.ra-grotha.de\/wp-content\/uploads\/2023\/12\/Job-kuendigen-Cover-1024x576.jpg 1024w, https:\/\/www.ra-grotha.de\/wp-content\/uploads\/2023\/12\/Job-kuendigen-Cover-300x169.jpg 300w, https:\/\/www.ra-grotha.de\/wp-content\/uploads\/2023\/12\/Job-kuendigen-Cover-768x432.jpg 768w, https:\/\/www.ra-grotha.de\/wp-content\/uploads\/2023\/12\/Job-kuendigen-Cover-1536x864.jpg 1536w, https:\/\/www.ra-grotha.de\/wp-content\/uploads\/2023\/12\/Job-kuendigen-Cover.jpg 1920w\" sizes=\"auto, (max-width: 1024px) 100vw, 1024px\" \/><\/a><\/figure><div class=\"wp-block-media-text__content\">\n<p>12.12.2023: Den Job k\u00fcndigen, um B\u00fcrgergeld zu beziehen? 8 Gr\u00fcnde, warum das keine gute Idee ist&#8230;<\/p>\n<\/div><\/div>\n\n\n\n<div class=\"wp-block-media-text is-stacked-on-mobile\" style=\"grid-template-columns:16% auto\"><figure class=\"wp-block-media-text__media\"><a href=\"https:\/\/youtu.be\/Gm6QGlerwDY\" target=\"_blank\" rel=\"noreferrer noopener\"><img loading=\"lazy\" decoding=\"async\" width=\"1024\" height=\"576\" src=\"https:\/\/www.ra-grotha.de\/wp-content\/uploads\/2024\/01\/Aenderungen-01.01.2024-Cover-1024x576.jpg\" alt=\"\" class=\"wp-image-2985 size-full\" srcset=\"https:\/\/www.ra-grotha.de\/wp-content\/uploads\/2024\/01\/Aenderungen-01.01.2024-Cover-1024x576.jpg 1024w, https:\/\/www.ra-grotha.de\/wp-content\/uploads\/2024\/01\/Aenderungen-01.01.2024-Cover-300x169.jpg 300w, https:\/\/www.ra-grotha.de\/wp-content\/uploads\/2024\/01\/Aenderungen-01.01.2024-Cover-768x432.jpg 768w, https:\/\/www.ra-grotha.de\/wp-content\/uploads\/2024\/01\/Aenderungen-01.01.2024-Cover-1536x864.jpg 1536w, https:\/\/www.ra-grotha.de\/wp-content\/uploads\/2024\/01\/Aenderungen-01.01.2024-Cover.jpg 1920w\" sizes=\"auto, (max-width: 1024px) 100vw, 1024px\" \/><\/a><\/figure><div class=\"wp-block-media-text__content\">\n<p>05.01.2024: Sozialrechtliche \u00c4nderungen zum 01.01.2024<\/p>\n\n\n\n<p><\/p>\n\n\n\n<p><\/p>\n\n\n\n<p><\/p>\n<\/div><\/div>\n\n\n\n<h2 class=\"wp-block-heading\">Schwerbehinderung bei Migr\u00e4ne? Welcher GdB ist bei Migr\u00e4ne m\u00f6glich? 5 Tipps f\u00fcr die Antragstellung<\/h2>\n\n\n\n<!-- Video Embed Code -->\n<iframe title=\"GdB_Migr\u00e4ne_Website\" src=\"https:\/\/sozialrecht-grotha.videocdn.net\/player\/index.html?id=682214269bb3b2bef5fd3077&#038;controls=true&#038;loop=false&#038;muted=false&#038;autoplay=false&#038;=fullscreen=true&#038;fit=contain&#038;colorPrimary=rgba(47, 171, 22, 1)&#038;colorSecondary=FFFFFF&#038;colorBackground=000000&#038;uiRadius=10\" frameborder=\"0\" allowfullscreen style=\"border: none; aspect-ratio: 16\/9; width: 100%; height: auto;\" allow=\"autoplay; fullscreen; picture-in-picture; clipboard-write\"><\/iframe>\n","protected":false},"excerpt":{"rendered":"<p>Auf dieser Seite finden Sie eine \u00dcbersicht der Videos meines Youtube-Kanals SozialRechtAnwaltGrotha. Vielleicht ist ja auch f\u00fcr Sie etwas Interessantes dabei. Ich w\u00fcrde mich jedenfalls sehr freuen, wenn Sie den Kanal abonnieren und Ihnen die Videos gefallen. 21.10.2023: Kanzlei f\u00fcr<\/p>\n","protected":false},"author":1,"featured_media":0,"parent":0,"menu_order":7,"comment_status":"closed","ping_status":"closed","template":"","meta":{"footnotes":""},"class_list":["post-2895","page","type-page","status-publish","hentry"],"_links":{"self":[{"href":"https:\/\/www.ra-grotha.de\/wordpress\/wp-json\/wp\/v2\/pages\/2895","targetHints":{"allow":["GET"]}}],"collection":[{"href":"https:\/\/www.ra-grotha.de\/wordpress\/wp-json\/wp\/v2\/pages"}],"about":[{"href":"https:\/\/www.ra-grotha.de\/wordpress\/wp-json\/wp\/v2\/types\/page"}],"author":[{"embeddable":true,"href":"https:\/\/www.ra-grotha.de\/wordpress\/wp-json\/wp\/v2\/users\/1"}],"replies":[{"embeddable":true,"href":"https:\/\/www.ra-grotha.de\/wordpress\/wp-json\/wp\/v2\/comments?post=2895"}],"version-history":[{"count":20,"href":"https:\/\/www.ra-grotha.de\/wordpress\/wp-json\/wp\/v2\/pages\/2895\/revisions"}],"predecessor-version":[{"id":3843,"href":"https:\/\/www.ra-grotha.de\/wordpress\/wp-json\/wp\/v2\/pages\/2895\/revisions\/3843"}],"wp:attachment":[{"href":"https:\/\/www.ra-grotha.de\/wordpress\/wp-json\/wp\/v2\/media?parent=2895"}],"curies":[{"name":"wp","href":"https:\/\/api.w.org\/{rel}","templated":true}]}}