{"id":2632,"date":"2023-03-23T10:33:38","date_gmt":"2023-03-23T09:33:38","guid":{"rendered":"https:\/\/www.ra-grotha.de\/wordpress\/?page_id=2632"},"modified":"2025-07-29T08:18:46","modified_gmt":"2025-07-29T07:18:46","slug":"ihre-anfrage","status":"publish","type":"page","link":"https:\/\/www.ra-grotha.de\/wordpress\/ihre-anfrage\/","title":{"rendered":"Ihre Anfrage"},"content":{"rendered":"\n<p>Ich freue mich, dass Sie auf meine Anwaltskanzlei f\u00fcr Sozialrecht aufmerksam geworden sind und danke Ihnen bereits jetzt f\u00fcr Ihr Vertrauen. <\/p>\n\n\n\n<p>Wie kommen wir zusammen? Der Weg zur eventuellen Zusammenarbeit ist ganz einfach:<\/p>\n\n\n\n<h2 class=\"wp-block-heading\">1. Schritt: Ihre Anfrage<\/h2>\n\n\n\n<p>Bitte klicken Sie auf den Button &#8222;Hier Online-Anfrage stellen&#8220; und beantworten Sie dort zun\u00e4chst einige wenige Fragen. Alle Angaben sind selbstverst\u00e4ndlich freiwillig und werden vertraulich behandelt.<\/p>\n\n\n\n<p>Ihre Anfrage ist unverbindlich und dient nur der ersten Kontaktaufnahme. Ein Mandat kommt erst zustande, wenn wir beide dies ausdr\u00fccklich vereinbaren. Dies bedeutet, dass Ihnen durch diese Mandatsanfrage allein <strong>keine Kosten<\/strong> entstehen. Allerdings m\u00fcssen Sie zun\u00e4chst bis zu einer eventuellen \u00dcbernahme des Mandats selbst darauf achten, ob aktuell Fristen ablaufen (z.B. f\u00fcr einen Widerspruch oder eine Klage).<\/p>\n\n\n\n<p>Alternativ k\u00f6nnen Sie mir auch eine E-Mail mit kurzen Stichworten zu Ihrem Anliegen senden.<\/p>\n\n\n\n<h2 class=\"wp-block-heading\">2. Schritt: Meine Antwort<\/h2>\n\n\n\n<p>Ich sehe mir Ihre Anfrage (in der Regel sehr kurzfristig) an. Dabei pr\u00fcfe ich insbesondere, ob Ihr Anliegen fachlich in meinen T\u00e4tigkeitsbereich f\u00e4llt. Manchmal habe ich auch kurze R\u00fcckfragen, die Sie durch einfache Online-Frageb\u00f6gen bequem am Handy oder PC beantworten k\u00f6nnen.<\/p>\n\n\n\n<p>Wenn ich Ihr Anliegen &#8211; aus fachlichen oder zeitlichen Gr\u00fcnden &#8211; nicht \u00fcbernehmen kann, so teile ich Ihnen dies kurzfristig per E-Mail mit, wenn m\u00f6glich mit einer Empfehlung f\u00fcr eine andere anwaltliche Anlaufstelle.<strong> Ich \u00fcbernehme stets nur so viele Mandate, wie ich in angemessener Zeit und in der erforderlichen Qualit\u00e4t bearbeiten kann.<\/strong> <strong>Daher bitte ich um Verst\u00e4ndnis, dass ich nicht alle Mandatsanfragen annehmen kann.<\/strong><\/p>\n\n\n\n<p> Sollte ich Ihr Anliegen bearbeiten k\u00f6nnen, so erhalten Sie von mir per E-Mail einen Link zur Online-Terminbuchung. Dort k\u00f6nnen Sie sich einen passenden Termin f\u00fcr eine Erstberatung aussuchen. Dieser kann in der Regel sehr kurzfristig stattfinden, Sie m\u00fcssen nicht wochen- oder gar monatelang auf einen Termin warten.<\/p>\n\n\n\n<h2 class=\"wp-block-heading\">3. Schritt: Unser Ersttermin <\/h2>\n\n\n\n<p>In der Regel bietet es sich an, zun\u00e4chst eine Erstberatung durchzuf\u00fchren. Diese kann pers\u00f6nlich im B\u00fcro oder per Video bzw. Telefon erfolgen. Wir besprechen Ihr Anliegen ausf\u00fchrlich. In der Regel reserviere ich f\u00fcr unser Erstgespr\u00e4ch 60 bis 90 Minuten. Dabei zeige ich Ihnen die Rechtslage Ihres Anliegens auf und bespreche mit Ihnen die M\u00f6glichkeiten des weiteren Vorgehens. Welche Erfolgsaussichten bestehen, welche Kosten w\u00fcrden bei einer weiteren Vertretung anfallen, welcher Weg ist f\u00fcr Sie der Beste? All dies und auch Ihre offenen Fragen besprechen wir in der Erstberatung.<\/p>\n\n\n\n<h2 class=\"wp-block-heading\">4. Schritt: Vertretung gegen\u00fcber der Beh\u00f6rde oder dem Sozialgericht<\/h2>\n\n\n\n<p>Sollten Sie sich nach dem Erstgespr\u00e4ch dazu entscheiden, mich mit Ihrer Interessenvertretung in einem Widerspruchsverfahren gegen\u00fcber der Beh\u00f6rde oder in einem Klageverfahren vor dem Sozialgericht zu vertreten, so arbeite ich mich in aller Regel zun\u00e4chst durch Einsicht in die Verwaltungsakte der betroffenen Beh\u00f6rde umfassend in den Sachverhalt ein. Ich f\u00fchre den gesamten Schriftverkehr f\u00fcr Sie und setze mich daf\u00fcr ein, dass Ihre Anspr\u00fcche durchgesetzt werden k\u00f6nnen. Dabei halte ich Sie stets \u00fcber jeden Schritt auf dem Laufenden, am einfachsten und schnellsten \u00fcber unsere Online-Akte.<\/p>\n\n\n\n<hr class=\"wp-block-separator has-alpha-channel-opacity is-style-wide\"\/>\n\n\n\n<!-- Video Embed Code -->\n<iframe title=\"Einfach erkl\u00e4rt: Ihre Online-Anfrage bei der Kanzlei f\u00fcr Sozialrecht - Rechtsanwalt Alexander Grotha\" src=\"https:\/\/sozialrecht-grotha.videocdn.net\/player\/index.html?id=683886c89de39eba391a33ad&#038;controls=true&#038;loop=false&#038;muted=false&#038;autoplay=false&#038;=fullscreen=true&#038;fit=contain&#038;colorPrimary=rgba(34, 158, 42, 1)&#038;colorSecondary=FFFFFF&#038;colorBackground=000000&#038;uiRadius=10\" frameborder=\"0\" allowfullscreen style=\"border: none; aspect-ratio: 16\/9; width: 100%; height: auto;\" allow=\"autoplay; fullscreen; picture-in-picture; clipboard-write\"><\/iframe>\n\n\n\n<figure class=\"wp-block-gallery has-nested-images columns-default is-cropped wp-block-gallery-1 is-layout-flex wp-block-gallery-is-layout-flex\"><\/figure>\n\n\n","protected":false},"excerpt":{"rendered":"<p>Ich freue mich, dass Sie auf meine Anwaltskanzlei f\u00fcr Sozialrecht aufmerksam geworden sind und danke Ihnen bereits jetzt f\u00fcr Ihr Vertrauen. Wie kommen wir zusammen? Der Weg zur eventuellen Zusammenarbeit ist ganz einfach: 1. Schritt: Ihre Anfrage Bitte klicken Sie<\/p>\n","protected":false},"author":1,"featured_media":0,"parent":0,"menu_order":1,"comment_status":"closed","ping_status":"closed","template":"","meta":{"footnotes":""},"class_list":["post-2632","page","type-page","status-publish","hentry"],"_links":{"self":[{"href":"https:\/\/www.ra-grotha.de\/wordpress\/wp-json\/wp\/v2\/pages\/2632","targetHints":{"allow":["GET"]}}],"collection":[{"href":"https:\/\/www.ra-grotha.de\/wordpress\/wp-json\/wp\/v2\/pages"}],"about":[{"href":"https:\/\/www.ra-grotha.de\/wordpress\/wp-json\/wp\/v2\/types\/page"}],"author":[{"embeddable":true,"href":"https:\/\/www.ra-grotha.de\/wordpress\/wp-json\/wp\/v2\/users\/1"}],"replies":[{"embeddable":true,"href":"https:\/\/www.ra-grotha.de\/wordpress\/wp-json\/wp\/v2\/comments?post=2632"}],"version-history":[{"count":14,"href":"https:\/\/www.ra-grotha.de\/wordpress\/wp-json\/wp\/v2\/pages\/2632\/revisions"}],"predecessor-version":[{"id":3996,"href":"https:\/\/www.ra-grotha.de\/wordpress\/wp-json\/wp\/v2\/pages\/2632\/revisions\/3996"}],"wp:attachment":[{"href":"https:\/\/www.ra-grotha.de\/wordpress\/wp-json\/wp\/v2\/media?parent=2632"}],"curies":[{"name":"wp","href":"https:\/\/api.w.org\/{rel}","templated":true}]}}

<p>Ich freue mich, dass Sie auf meine Anwaltskanzlei für Sozialrecht aufmerksam geworden sind und danke Ihnen bereits jetzt für Ihr Vertrauen. </p>



<p>Wie kommen wir zusammen? Der Weg zur eventuellen Zusammenarbeit ist ganz einfach:</p>



<h2 class="wp-block-heading">1. Schritt: Ihre Anfrage</h2>



<p>Bitte klicken Sie auf den Button &#8222;Hier Online-Anfrage stellen&#8220; und beantworten Sie dort zunächst einige wenige Fragen. Alle Angaben sind selbstverständlich freiwillig und werden vertraulich behandelt.</p>



<p>Ihre Anfrage ist unverbindlich und dient nur der ersten Kontaktaufnahme. Ein Mandat kommt erst zustande, wenn wir beide dies ausdrücklich vereinbaren. Dies bedeutet, dass Ihnen durch diese Mandatsanfrage allein <strong>keine Kosten</strong> entstehen. Allerdings müssen Sie zunächst bis zu einer eventuellen Übernahme des Mandats selbst darauf achten, ob aktuell Fristen ablaufen (z.B. für einen Widerspruch oder eine Klage).</p>



<p>Alternativ können Sie mir auch eine E-Mail mit kurzen Stichworten zu Ihrem Anliegen senden.</p>



<h2 class="wp-block-heading">2. Schritt: Meine Antwort</h2>



<p>Ich sehe mir Ihre Anfrage (in der Regel sehr kurzfristig) an. Dabei prüfe ich insbesondere, ob Ihr Anliegen fachlich in meinen Tätigkeitsbereich fällt. Manchmal habe ich auch kurze Rückfragen, die Sie durch einfache Online-Fragebögen bequem am Handy oder PC beantworten können.</p>



<p>Wenn ich Ihr Anliegen &#8211; aus fachlichen oder zeitlichen Gründen &#8211; nicht übernehmen kann, so teile ich Ihnen dies kurzfristig per E-Mail mit, wenn möglich mit einer Empfehlung für eine andere anwaltliche Anlaufstelle.<strong> Ich übernehme stets nur so viele Mandate, wie ich in angemessener Zeit und in der erforderlichen Qualität bearbeiten kann.</strong> <strong>Daher bitte ich um Verständnis, dass ich nicht alle Mandatsanfragen annehmen kann.</strong></p>



<p> Sollte ich Ihr Anliegen bearbeiten können, so erhalten Sie von mir per E-Mail einen Link zur Online-Terminbuchung. Dort können Sie sich einen passenden Termin für eine Erstberatung aussuchen. Dieser kann in der Regel sehr kurzfristig stattfinden, Sie müssen nicht wochen- oder gar monatelang auf einen Termin warten.</p>



<h2 class="wp-block-heading">3. Schritt: Unser Ersttermin </h2>



<p>In der Regel bietet es sich an, zunächst eine Erstberatung durchzuführen. Diese kann persönlich im Büro oder per Video bzw. Telefon erfolgen. Wir besprechen Ihr Anliegen ausführlich. In der Regel reserviere ich für unser Erstgespräch 60 bis 90 Minuten. Dabei zeige ich Ihnen die Rechtslage Ihres Anliegens auf und bespreche mit Ihnen die Möglichkeiten des weiteren Vorgehens. Welche Erfolgsaussichten bestehen, welche Kosten würden bei einer weiteren Vertretung anfallen, welcher Weg ist für Sie der Beste? All dies und auch Ihre offenen Fragen besprechen wir in der Erstberatung.</p>



<h2 class="wp-block-heading">4. Schritt: Vertretung gegenüber der Behörde oder dem Sozialgericht</h2>



<p>Sollten Sie sich nach dem Erstgespräch dazu entscheiden, mich mit Ihrer Interessenvertretung in einem Widerspruchsverfahren gegenüber der Behörde oder in einem Klageverfahren vor dem Sozialgericht zu vertreten, so arbeite ich mich in aller Regel zunächst durch Einsicht in die Verwaltungsakte der betroffenen Behörde umfassend in den Sachverhalt ein. Ich führe den gesamten Schriftverkehr für Sie und setze mich dafür ein, dass Ihre Ansprüche durchgesetzt werden können. Dabei halte ich Sie stets über jeden Schritt auf dem Laufenden, am einfachsten und schnellsten über unsere Online-Akte.</p>



<hr class="wp-block-separator has-alpha-channel-opacity is-style-wide"/>



<!-- Video Embed Code -->
<iframe title="Einfach erklärt: Ihre Online-Anfrage bei der Kanzlei für Sozialrecht - Rechtsanwalt Alexander Grotha" src="https://sozialrecht-grotha.videocdn.net/player/index.html?id=683886c89de39eba391a33ad&#038;controls=true&#038;loop=false&#038;muted=false&#038;autoplay=false&#038;=fullscreen=true&#038;fit=contain&#038;colorPrimary=rgba(34, 158, 42, 1)&#038;colorSecondary=FFFFFF&#038;colorBackground=000000&#038;uiRadius=10" frameborder="0" allowfullscreen style="border: none; aspect-ratio: 16/9; width: 100%; height: auto;" allow="autoplay; fullscreen; picture-in-picture; clipboard-write"></iframe>



<figure class="wp-block-gallery has-nested-images columns-default is-cropped wp-block-gallery-1 is-layout-flex wp-block-gallery-is-layout-flex"></figure>

<p>Ich freue mich, dass Sie auf meine Anwaltskanzlei für Sozialrecht aufmerksam geworden sind und danke Ihnen bereits jetzt für Ihr Vertrauen. Wie kommen wir zusammen? Der Weg zur eventuellen Zusammenarbeit ist ganz einfach: 1. Schritt: Ihre Anfrage Bitte klicken Sie</p>
