{"id":1623,"date":"2018-02-21T20:44:32","date_gmt":"2018-02-21T19:44:32","guid":{"rendered":"http:\/\/www.ra-grotha.de\/?page_id=1623"},"modified":"2024-09-07T19:19:10","modified_gmt":"2024-09-07T18:19:10","slug":"erreichbarkeit","status":"publish","type":"page","link":"https:\/\/www.ra-grotha.de\/wordpress\/kontakt\/erreichbarkeit\/","title":{"rendered":"Infos zur Erreichbarkeit"},"content":{"rendered":"\n<p>Auf den folgenden Wegen k\u00f6nnen Sie mich problemlos erreichen.<\/p>\n\n\n\n<figure class=\"wp-block-image aligncenter size-large is-resized\"><a href=\"https:\/\/www.ra-grotha.de\/wp-content\/uploads\/2024\/09\/O2A0468-min-scaled.jpg\"><img loading=\"lazy\" decoding=\"async\" width=\"1024\" height=\"683\" src=\"https:\/\/www.ra-grotha.de\/wp-content\/uploads\/2024\/09\/O2A0468-min-1024x683.jpg\" alt=\"\" class=\"wp-image-3132\" style=\"width:521px;height:auto\" srcset=\"https:\/\/www.ra-grotha.de\/wp-content\/uploads\/2024\/09\/O2A0468-min-1024x683.jpg 1024w, https:\/\/www.ra-grotha.de\/wp-content\/uploads\/2024\/09\/O2A0468-min-300x200.jpg 300w, https:\/\/www.ra-grotha.de\/wp-content\/uploads\/2024\/09\/O2A0468-min-768x512.jpg 768w, https:\/\/www.ra-grotha.de\/wp-content\/uploads\/2024\/09\/O2A0468-min-1536x1024.jpg 1536w, https:\/\/www.ra-grotha.de\/wp-content\/uploads\/2024\/09\/O2A0468-min-2048x1365.jpg 2048w\" sizes=\"auto, (max-width: 1024px) 100vw, 1024px\" \/><\/a><\/figure>\n\n\n\n<p class=\"has-text-align-left\"><\/p>\n\n\n\n<h2 class=\"wp-block-heading\">Erreichbarkeit per E-Mail<\/h2>\n\n\n\n<p>Der beste und einfachste Weg, um Informationen austauschen oder mir eine Nachricht zukommen lassen, ist eine E-Mail. Ihre E-Mails lese ich zu den \u00fcblichen Gesch\u00e4ftszeiten laufend und beantworte diese schnellstm\u00f6glich. In bereits laufenden Mandaten nutzen Sie auch gern die Online-Akte.<\/p>\n\n\n\n<h2 class=\"wp-block-heading\">Telefonische Erreichbarkeit<\/h2>\n\n\n\n<p>Ich kann keine durchgehende Erreichbarkeit durch spontane Telefonate gew\u00e4hrleisten, da ich ohne Unterst\u00fctzung eines Sekretariats arbeite. Dennoch sorge ich selbstverst\u00e4ndlich daf\u00fcr, dass eine laufende Kommunikation problemlos m\u00f6glich ist.<\/p>\n\n\n\n<p>Sollten Sie in einer laufenden Angelegenheit mit mir telefonieren wollen, so buchen Sie hierf\u00fcr bitte <strong><a href=\"https:\/\/www.ra-grotha.de\/wordpress\/online-terminbuchung\/\" data-type=\"page\" data-id=\"3074\" target=\"_blank\" rel=\"noreferrer noopener\">hier online einen festen Telefontermin<\/a><\/strong>.<\/p>\n\n\n\n<h2 class=\"wp-block-heading\">Pers\u00f6nliche Erreichbarkeit<\/h2>\n\n\n\n<p>Mein B\u00fcro ist nicht durchgehend besetzt. Sollten Sie vorbeikommen wollen, um zum Beispiel Unterlagen abzugeben, so stimmen Sie dies am besten vorher mit mir ab, damit Sie nicht vor verschlossener T\u00fcr stehen.<\/p>\n\n\n\n<p>Besprechungen mit mir als Rechtsanwalt sind nur nach Vereinbarung eines Termins m\u00f6glich. Termine kann ich Ihnen in der Regel auch kurzfristig anbieten.<\/p>\n\n\n\n<p><\/p>\n\n\n\n<h2 class=\"wp-block-heading\">Neue Mandate und Anfragen<\/h2>\n\n\n\n<p>Sie m\u00f6chten mich mit einer neuen Angelegenheit beauftragen oder haben Fragen im Vorfeld eines eventuellen Mandats ? Dann sehen Sie sich bitte <a href=\"https:\/\/www.ra-grotha.de\/wordpress\/ihre-anfrage\/\" data-type=\"link\" data-id=\"https:\/\/www.ra-grotha.de\/wordpress\/ihre-anfrage\/\" target=\"_blank\" rel=\"noreferrer noopener\">die Hinweise zu Ihrer Anfrage<\/a> an und nutzen Sie m\u00f6glichst unsere Online-Anfrage (&#8222;Hier Online-Anfrage stellen&#8220;) auf dieser Website. Alternativ senden Sie mir gern eine E-Mail mit kurzen Stichworten zu Ihrem Anliegen.<\/p>\n\n\n\n<hr class=\"wp-block-separator has-alpha-channel-opacity\"\/>\n\n\n\n<p>Welche Art der Kontaktaufnahme Sie auch w\u00e4hlen: ich werde m\u00f6glichst schnell auf Ihr Anliegen reagieren und bin f\u00fcr Sie da.<\/p>\n","protected":false},"excerpt":{"rendered":"<p>Auf den folgenden Wegen k\u00f6nnen Sie mich problemlos erreichen. Erreichbarkeit per E-Mail Der beste und einfachste Weg, um Informationen austauschen oder mir eine Nachricht zukommen lassen, ist eine E-Mail. Ihre E-Mails lese ich zu den \u00fcblichen Gesch\u00e4ftszeiten laufend und beantworte<\/p>\n","protected":false},"author":1,"featured_media":0,"parent":1416,"menu_order":1,"comment_status":"closed","ping_status":"closed","template":"","meta":{"footnotes":""},"class_list":["post-1623","page","type-page","status-publish","hentry"],"_links":{"self":[{"href":"https:\/\/www.ra-grotha.de\/wordpress\/wp-json\/wp\/v2\/pages\/1623","targetHints":{"allow":["GET"]}}],"collection":[{"href":"https:\/\/www.ra-grotha.de\/wordpress\/wp-json\/wp\/v2\/pages"}],"about":[{"href":"https:\/\/www.ra-grotha.de\/wordpress\/wp-json\/wp\/v2\/types\/page"}],"author":[{"embeddable":true,"href":"https:\/\/www.ra-grotha.de\/wordpress\/wp-json\/wp\/v2\/users\/1"}],"replies":[{"embeddable":true,"href":"https:\/\/www.ra-grotha.de\/wordpress\/wp-json\/wp\/v2\/comments?post=1623"}],"version-history":[{"count":30,"href":"https:\/\/www.ra-grotha.de\/wordpress\/wp-json\/wp\/v2\/pages\/1623\/revisions"}],"predecessor-version":[{"id":3034,"href":"https:\/\/www.ra-grotha.de\/wordpress\/wp-json\/wp\/v2\/pages\/1623\/revisions\/3034"}],"up":[{"embeddable":true,"href":"https:\/\/www.ra-grotha.de\/wordpress\/wp-json\/wp\/v2\/pages\/1416"}],"wp:attachment":[{"href":"https:\/\/www.ra-grotha.de\/wordpress\/wp-json\/wp\/v2\/media?parent=1623"}],"curies":[{"name":"wp","href":"https:\/\/api.w.org\/{rel}","templated":true}]}}